{"id":195,"date":"2021-10-22T10:06:50","date_gmt":"2021-10-22T08:06:50","guid":{"rendered":"https:\/\/madafrica.es\/baramu\/?page_id=195"},"modified":"2021-10-22T10:06:52","modified_gmt":"2021-10-22T08:06:52","slug":"accion","status":"publish","type":"page","link":"https:\/\/madafrica.es\/baramu\/accion\/","title":{"rendered":"Acci\u00f3n"},"content":{"rendered":"\n<p>El paso 2, la ACCI\u00d3N del Proyecto Baramu 2021-2022 consiste en la realizaci\u00f3n de un trabajo voluntario en una de las organizaciones adheridas al proyecto. Ser\u00e1n 50 horas de trabajo y se puede empezar a realizar el voluntariado paralelamente a las sesiones de FORMACI\u00d3N.<\/p>\n\n\n\n<p>Muy pronto presentaremos un listado de ofertas de voluntariado cr\u00edtico y transformador.<\/p>\n","protected":false},"excerpt":{"rendered":"<p>El paso 2, la ACCI\u00d3N del Proyecto Baramu 2021-2022 consiste en la realizaci\u00f3n de un trabajo voluntario en una de las organizaciones adheridas al proyecto. Ser\u00e1n 50 horas de trabajo y se puede empezar a realizar el voluntariado paralelamente a las sesiones de FORMACI\u00d3N. Muy pronto presentaremos un listado de ofertas de voluntariado cr\u00edtico y [&hellip;]<\/p>\n","protected":false},"author":6,"featured_media":0,"parent":0,"menu_order":0,"comment_status":"closed","ping_status":"closed","template":"","meta":{"footnotes":""},"class_list":["post-195","page","type-page","status-publish","hentry"],"yoast_head":"<!-- This site is optimized with the Yoast SEO plugin v26.1.1 - https:\/\/yoast.com\/wordpress\/plugins\/seo\/ -->\n<title>Acci\u00f3n - Proyecto Baramu<\/title>\n<meta name=\"robots\" content=\"index, follow, max-snippet:-1, max-image-preview:large, max-video-preview:-1\" \/>\n<link rel=\"canonical\" href=\"https:\/\/madafrica.es\/baramu\/accion\/\" \/>\n<meta property=\"og:locale\" content=\"es_ES\" \/>\n<meta property=\"og:type\" content=\"article\" \/>\n<meta property=\"og:title\" content=\"Acci\u00f3n - Proyecto Baramu\" \/>\n<meta property=\"og:description\" content=\"El paso 2, la ACCI\u00d3N del Proyecto Baramu 2021-2022 consiste en la realizaci\u00f3n de un trabajo voluntario en una de las organizaciones adheridas al proyecto. Ser\u00e1n 50 horas de trabajo y se puede empezar a realizar el voluntariado paralelamente a las sesiones de FORMACI\u00d3N. Muy pronto presentaremos un listado de ofertas de voluntariado cr\u00edtico y [&hellip;]\" \/>\n<meta property=\"og:url\" content=\"https:\/\/madafrica.es\/baramu\/accion\/\" \/>\n<meta property=\"og:site_name\" content=\"Proyecto Baramu\" \/>\n<meta property=\"article:modified_time\" content=\"2021-10-22T08:06:52+00:00\" \/>\n<meta name=\"twitter:card\" content=\"summary_large_image\" \/>\n<meta name=\"twitter:label1\" content=\"Tiempo de lectura\" \/>\n\t<meta name=\"twitter:data1\" content=\"1 minuto\" \/>\n<script type=\"application\/ld+json\" class=\"yoast-schema-graph\">{\"@context\":\"https:\/\/schema.org\",\"@graph\":[{\"@type\":\"WebPage\",\"@id\":\"https:\/\/madafrica.es\/baramu\/accion\/\",\"url\":\"https:\/\/madafrica.es\/baramu\/accion\/\",\"name\":\"Acci\u00f3n - Proyecto Baramu\",\"isPartOf\":{\"@id\":\"https:\/\/madafrica.es\/baramu\/#website\"},\"datePublished\":\"2021-10-22T08:06:50+00:00\",\"dateModified\":\"2021-10-22T08:06:52+00:00\",\"breadcrumb\":{\"@id\":\"https:\/\/madafrica.es\/baramu\/accion\/#breadcrumb\"},\"inLanguage\":\"es\",\"potentialAction\":[{\"@type\":\"ReadAction\",\"target\":[\"https:\/\/madafrica.es\/baramu\/accion\/\"]}]},{\"@type\":\"BreadcrumbList\",\"@id\":\"https:\/\/madafrica.es\/baramu\/accion\/#breadcrumb\",\"itemListElement\":[{\"@type\":\"ListItem\",\"position\":1,\"name\":\"Portada\",\"item\":\"https:\/\/madafrica.es\/baramu\/\"},{\"@type\":\"ListItem\",\"position\":2,\"name\":\"Acci\u00f3n\"}]},{\"@type\":\"WebSite\",\"@id\":\"https:\/\/madafrica.es\/baramu\/#website\",\"url\":\"https:\/\/madafrica.es\/baramu\/\",\"name\":\"Proyecto Baramu\",\"description\":\"Proyecto Baramu\",\"potentialAction\":[{\"@type\":\"SearchAction\",\"target\":{\"@type\":\"EntryPoint\",\"urlTemplate\":\"https:\/\/madafrica.es\/baramu\/?s={search_term_string}\"},\"query-input\":{\"@type\":\"PropertyValueSpecification\",\"valueRequired\":true,\"valueName\":\"search_term_string\"}}],\"inLanguage\":\"es\"}]}<\/script>\n<!-- \/ Yoast SEO plugin. -->","yoast_head_json":{"title":"Acci\u00f3n - Proyecto Baramu","robots":{"index":"index","follow":"follow","max-snippet":"max-snippet:-1","max-image-preview":"max-image-preview:large","max-video-preview":"max-video-preview:-1"},"canonical":"https:\/\/madafrica.es\/baramu\/accion\/","og_locale":"es_ES","og_type":"article","og_title":"Acci\u00f3n - Proyecto Baramu","og_description":"El paso 2, la ACCI\u00d3N del Proyecto Baramu 2021-2022 consiste en la realizaci\u00f3n de un trabajo voluntario en una de las organizaciones adheridas al proyecto. Ser\u00e1n 50 horas de trabajo y se puede empezar a realizar el voluntariado paralelamente a las sesiones de FORMACI\u00d3N. Muy pronto presentaremos un listado de ofertas de voluntariado cr\u00edtico y [&hellip;]","og_url":"https:\/\/madafrica.es\/baramu\/accion\/","og_site_name":"Proyecto Baramu","article_modified_time":"2021-10-22T08:06:52+00:00","twitter_card":"summary_large_image","twitter_misc":{"Tiempo de lectura":"1 minuto"},"schema":{"@context":"https:\/\/schema.org","@graph":[{"@type":"WebPage","@id":"https:\/\/madafrica.es\/baramu\/accion\/","url":"https:\/\/madafrica.es\/baramu\/accion\/","name":"Acci\u00f3n - Proyecto Baramu","isPartOf":{"@id":"https:\/\/madafrica.es\/baramu\/#website"},"datePublished":"2021-10-22T08:06:50+00:00","dateModified":"2021-10-22T08:06:52+00:00","breadcrumb":{"@id":"https:\/\/madafrica.es\/baramu\/accion\/#breadcrumb"},"inLanguage":"es","potentialAction":[{"@type":"ReadAction","target":["https:\/\/madafrica.es\/baramu\/accion\/"]}]},{"@type":"BreadcrumbList","@id":"https:\/\/madafrica.es\/baramu\/accion\/#breadcrumb","itemListElement":[{"@type":"ListItem","position":1,"name":"Portada","item":"https:\/\/madafrica.es\/baramu\/"},{"@type":"ListItem","position":2,"name":"Acci\u00f3n"}]},{"@type":"WebSite","@id":"https:\/\/madafrica.es\/baramu\/#website","url":"https:\/\/madafrica.es\/baramu\/","name":"Proyecto Baramu","description":"Proyecto Baramu","potentialAction":[{"@type":"SearchAction","target":{"@type":"EntryPoint","urlTemplate":"https:\/\/madafrica.es\/baramu\/?s={search_term_string}"},"query-input":{"@type":"PropertyValueSpecification","valueRequired":true,"valueName":"search_term_string"}}],"inLanguage":"es"}]}},"featured_image_src":null,"featured_image_src_square":null,"_links":{"self":[{"href":"https:\/\/madafrica.es\/baramu\/wp-json\/wp\/v2\/pages\/195","targetHints":{"allow":["GET"]}}],"collection":[{"href":"https:\/\/madafrica.es\/baramu\/wp-json\/wp\/v2\/pages"}],"about":[{"href":"https:\/\/madafrica.es\/baramu\/wp-json\/wp\/v2\/types\/page"}],"author":[{"embeddable":true,"href":"https:\/\/madafrica.es\/baramu\/wp-json\/wp\/v2\/users\/6"}],"replies":[{"embeddable":true,"href":"https:\/\/madafrica.es\/baramu\/wp-json\/wp\/v2\/comments?post=195"}],"version-history":[{"count":1,"href":"https:\/\/madafrica.es\/baramu\/wp-json\/wp\/v2\/pages\/195\/revisions"}],"predecessor-version":[{"id":196,"href":"https:\/\/madafrica.es\/baramu\/wp-json\/wp\/v2\/pages\/195\/revisions\/196"}],"wp:attachment":[{"href":"https:\/\/madafrica.es\/baramu\/wp-json\/wp\/v2\/media?parent=195"}],"curies":[{"name":"wp","href":"https:\/\/api.w.org\/{rel}","templated":true}]}}