{"id":197,"date":"2021-10-22T10:21:39","date_gmt":"2021-10-22T08:21:39","guid":{"rendered":"https:\/\/madafrica.es\/baramu\/?page_id=197"},"modified":"2021-10-22T10:21:40","modified_gmt":"2021-10-22T08:21:40","slug":"intercambio-2","status":"publish","type":"page","link":"https:\/\/madafrica.es\/baramu\/intercambio-2\/","title":{"rendered":"Intercambio"},"content":{"rendered":"\n<p>El paso 3 del Proyecto Baramu 2021-2022 ser\u00e1 la realizaci\u00f3n de un VOLUNTARIADO INTERNACIONAL EN SENEGAL. Las personas que finalicen los pasos 1 y 2 podr\u00e1n concurrir a una BECA DE MOVILIDAD, ALOJAMIENTO Y DIETAS para una estancia de 3 a 4 semanas* en la ONG \u00ab<a href=\"https:\/\/hahatay.org\/index.php\/es\/\" target=\"_blank\" rel=\"noreferrer noopener\">HAHATAY son risas de Gandiol<\/a>\u00ab.<\/p>\n\n\n\n<p>Hahatay  trabaja para el desarrollo comunitario de Gandiol, situada en el norte de Senegal. Fue fundada por Mamadou Dia despu\u00e9s de su periplo para Europa y la publicaci\u00f3n de su primer libro 3052. Hahatay es hoy un espacio de encuentro que une a un grupo de personas con la misma inquietud y el compromiso de implicarse por un desarrollo humano integral. Un espacio de reflexi\u00f3n, aprendizaje y actuaci\u00f3n a trav\u00e9s del mestizaje como herramienta para la inclusi\u00f3n y la participaci\u00f3n.<\/p>\n\n\n\n<p>* Entre los meses de julio y agosto de 2022.<\/p>\n\n\n\n<p><\/p>\n","protected":false},"excerpt":{"rendered":"<p>El paso 3 del Proyecto Baramu 2021-2022 ser\u00e1 la realizaci\u00f3n de un VOLUNTARIADO INTERNACIONAL EN SENEGAL. Las personas que finalicen los pasos 1 y 2 podr\u00e1n concurrir a una BECA DE MOVILIDAD, ALOJAMIENTO Y DIETAS para una estancia de 3 a 4 semanas* en la ONG \u00abHAHATAY son risas de Gandiol\u00ab. Hahatay trabaja para el [&hellip;]<\/p>\n","protected":false},"author":6,"featured_media":0,"parent":0,"menu_order":0,"comment_status":"closed","ping_status":"closed","template":"","meta":{"footnotes":""},"class_list":["post-197","page","type-page","status-publish","hentry"],"yoast_head":"<!-- This site is optimized with the Yoast SEO plugin v26.1.1 - https:\/\/yoast.com\/wordpress\/plugins\/seo\/ -->\n<title>Intercambio - Proyecto Baramu<\/title>\n<meta name=\"robots\" content=\"index, follow, max-snippet:-1, max-image-preview:large, max-video-preview:-1\" \/>\n<link rel=\"canonical\" href=\"https:\/\/madafrica.es\/baramu\/intercambio-2\/\" \/>\n<meta property=\"og:locale\" content=\"es_ES\" \/>\n<meta property=\"og:type\" content=\"article\" \/>\n<meta property=\"og:title\" content=\"Intercambio - Proyecto Baramu\" \/>\n<meta property=\"og:description\" content=\"El paso 3 del Proyecto Baramu 2021-2022 ser\u00e1 la realizaci\u00f3n de un VOLUNTARIADO INTERNACIONAL EN SENEGAL. Las personas que finalicen los pasos 1 y 2 podr\u00e1n concurrir a una BECA DE MOVILIDAD, ALOJAMIENTO Y DIETAS para una estancia de 3 a 4 semanas* en la ONG \u00abHAHATAY son risas de Gandiol\u00ab. Hahatay trabaja para el [&hellip;]\" \/>\n<meta property=\"og:url\" content=\"https:\/\/madafrica.es\/baramu\/intercambio-2\/\" \/>\n<meta property=\"og:site_name\" content=\"Proyecto Baramu\" \/>\n<meta property=\"article:modified_time\" content=\"2021-10-22T08:21:40+00:00\" \/>\n<meta name=\"twitter:card\" content=\"summary_large_image\" \/>\n<meta name=\"twitter:label1\" content=\"Tiempo de lectura\" \/>\n\t<meta name=\"twitter:data1\" content=\"1 minuto\" \/>\n<script type=\"application\/ld+json\" class=\"yoast-schema-graph\">{\"@context\":\"https:\/\/schema.org\",\"@graph\":[{\"@type\":\"WebPage\",\"@id\":\"https:\/\/madafrica.es\/baramu\/intercambio-2\/\",\"url\":\"https:\/\/madafrica.es\/baramu\/intercambio-2\/\",\"name\":\"Intercambio - Proyecto Baramu\",\"isPartOf\":{\"@id\":\"https:\/\/madafrica.es\/baramu\/#website\"},\"datePublished\":\"2021-10-22T08:21:39+00:00\",\"dateModified\":\"2021-10-22T08:21:40+00:00\",\"breadcrumb\":{\"@id\":\"https:\/\/madafrica.es\/baramu\/intercambio-2\/#breadcrumb\"},\"inLanguage\":\"es\",\"potentialAction\":[{\"@type\":\"ReadAction\",\"target\":[\"https:\/\/madafrica.es\/baramu\/intercambio-2\/\"]}]},{\"@type\":\"BreadcrumbList\",\"@id\":\"https:\/\/madafrica.es\/baramu\/intercambio-2\/#breadcrumb\",\"itemListElement\":[{\"@type\":\"ListItem\",\"position\":1,\"name\":\"Portada\",\"item\":\"https:\/\/madafrica.es\/baramu\/\"},{\"@type\":\"ListItem\",\"position\":2,\"name\":\"Intercambio\"}]},{\"@type\":\"WebSite\",\"@id\":\"https:\/\/madafrica.es\/baramu\/#website\",\"url\":\"https:\/\/madafrica.es\/baramu\/\",\"name\":\"Proyecto Baramu\",\"description\":\"Proyecto Baramu\",\"potentialAction\":[{\"@type\":\"SearchAction\",\"target\":{\"@type\":\"EntryPoint\",\"urlTemplate\":\"https:\/\/madafrica.es\/baramu\/?s={search_term_string}\"},\"query-input\":{\"@type\":\"PropertyValueSpecification\",\"valueRequired\":true,\"valueName\":\"search_term_string\"}}],\"inLanguage\":\"es\"}]}<\/script>\n<!-- \/ Yoast SEO plugin. -->","yoast_head_json":{"title":"Intercambio - Proyecto Baramu","robots":{"index":"index","follow":"follow","max-snippet":"max-snippet:-1","max-image-preview":"max-image-preview:large","max-video-preview":"max-video-preview:-1"},"canonical":"https:\/\/madafrica.es\/baramu\/intercambio-2\/","og_locale":"es_ES","og_type":"article","og_title":"Intercambio - Proyecto Baramu","og_description":"El paso 3 del Proyecto Baramu 2021-2022 ser\u00e1 la realizaci\u00f3n de un VOLUNTARIADO INTERNACIONAL EN SENEGAL. Las personas que finalicen los pasos 1 y 2 podr\u00e1n concurrir a una BECA DE MOVILIDAD, ALOJAMIENTO Y DIETAS para una estancia de 3 a 4 semanas* en la ONG \u00abHAHATAY son risas de Gandiol\u00ab. Hahatay trabaja para el [&hellip;]","og_url":"https:\/\/madafrica.es\/baramu\/intercambio-2\/","og_site_name":"Proyecto Baramu","article_modified_time":"2021-10-22T08:21:40+00:00","twitter_card":"summary_large_image","twitter_misc":{"Tiempo de lectura":"1 minuto"},"schema":{"@context":"https:\/\/schema.org","@graph":[{"@type":"WebPage","@id":"https:\/\/madafrica.es\/baramu\/intercambio-2\/","url":"https:\/\/madafrica.es\/baramu\/intercambio-2\/","name":"Intercambio - Proyecto Baramu","isPartOf":{"@id":"https:\/\/madafrica.es\/baramu\/#website"},"datePublished":"2021-10-22T08:21:39+00:00","dateModified":"2021-10-22T08:21:40+00:00","breadcrumb":{"@id":"https:\/\/madafrica.es\/baramu\/intercambio-2\/#breadcrumb"},"inLanguage":"es","potentialAction":[{"@type":"ReadAction","target":["https:\/\/madafrica.es\/baramu\/intercambio-2\/"]}]},{"@type":"BreadcrumbList","@id":"https:\/\/madafrica.es\/baramu\/intercambio-2\/#breadcrumb","itemListElement":[{"@type":"ListItem","position":1,"name":"Portada","item":"https:\/\/madafrica.es\/baramu\/"},{"@type":"ListItem","position":2,"name":"Intercambio"}]},{"@type":"WebSite","@id":"https:\/\/madafrica.es\/baramu\/#website","url":"https:\/\/madafrica.es\/baramu\/","name":"Proyecto Baramu","description":"Proyecto Baramu","potentialAction":[{"@type":"SearchAction","target":{"@type":"EntryPoint","urlTemplate":"https:\/\/madafrica.es\/baramu\/?s={search_term_string}"},"query-input":{"@type":"PropertyValueSpecification","valueRequired":true,"valueName":"search_term_string"}}],"inLanguage":"es"}]}},"featured_image_src":null,"featured_image_src_square":null,"_links":{"self":[{"href":"https:\/\/madafrica.es\/baramu\/wp-json\/wp\/v2\/pages\/197","targetHints":{"allow":["GET"]}}],"collection":[{"href":"https:\/\/madafrica.es\/baramu\/wp-json\/wp\/v2\/pages"}],"about":[{"href":"https:\/\/madafrica.es\/baramu\/wp-json\/wp\/v2\/types\/page"}],"author":[{"embeddable":true,"href":"https:\/\/madafrica.es\/baramu\/wp-json\/wp\/v2\/users\/6"}],"replies":[{"embeddable":true,"href":"https:\/\/madafrica.es\/baramu\/wp-json\/wp\/v2\/comments?post=197"}],"version-history":[{"count":1,"href":"https:\/\/madafrica.es\/baramu\/wp-json\/wp\/v2\/pages\/197\/revisions"}],"predecessor-version":[{"id":198,"href":"https:\/\/madafrica.es\/baramu\/wp-json\/wp\/v2\/pages\/197\/revisions\/198"}],"wp:attachment":[{"href":"https:\/\/madafrica.es\/baramu\/wp-json\/wp\/v2\/media?parent=197"}],"curies":[{"name":"wp","href":"https:\/\/api.w.org\/{rel}","templated":true}]}}